{"id":4180,"date":"2019-10-04T10:07:49","date_gmt":"2019-10-04T08:07:49","guid":{"rendered":"https:\/\/www.andromede-ocean.com\/english\/?page_id=4180"},"modified":"2020-05-07T18:13:23","modified_gmt":"2020-05-07T16:13:23","slug":"activities","status":"publish","type":"page","link":"https:\/\/www.andromede-ocean.com\/english\/activities\/","title":{"rendered":"Activities"},"content":{"rendered":"<p>[et_pb_section fb_built=&#8221;1&#8243; _builder_version=&#8221;3.29.3&#8243; custom_margin=&#8221;0px||0px||false|false&#8221; custom_padding=&#8221;||3%||false|false&#8221; top_divider_style=&#8221;curve&#8221; top_divider_color=&#8221;#121526&#8243; top_divider_height=&#8221;20px&#8221; top_divider_height_tablet=&#8221;&#8221; top_divider_height_phone=&#8221;10px&#8221; top_divider_height_last_edited=&#8221;on|phone&#8221;][et_pb_row column_structure=&#8221;1_2,1_2&#8243; _builder_version=&#8221;3.29.3&#8243; width=&#8221;100%&#8221; max_width=&#8221;680px&#8221; custom_margin=&#8221;0px||||false|false&#8221;][et_pb_column type=&#8221;1_2&#8243; _builder_version=&#8221;3.29.3&#8243;][et_pb_image src=&#8221;https:\/\/www.andromede-ocean.com\/english\/wp-content\/uploads\/sites\/2\/2019\/10\/Ecosystem-diagram.png&#8221; align=&#8221;center&#8221; _builder_version=&#8221;3.29.3&#8243; custom_margin_tablet=&#8221;&#8221; custom_margin_phone=&#8221;|60px||60px|false|false&#8221; custom_margin_last_edited=&#8221;on|phone&#8221;][\/et_pb_image][\/et_pb_column][et_pb_column type=&#8221;1_2&#8243; _builder_version=&#8221;3.29.3&#8243;][et_pb_text _builder_version=&#8221;4.4.3&#8243; text_font=&#8221;Lato||||||||&#8221; text_font_size=&#8221;15px&#8221; header_font=&#8221;Lato||||||||&#8221; header_font_size=&#8221;24px&#8221; header_line_height=&#8221;28px&#8221; custom_margin_tablet=&#8221;&#8221; custom_margin_phone=&#8221;|60px||60px|false|false&#8221; custom_margin_last_edited=&#8221;on|phone&#8221; custom_padding=&#8221;||||false|false&#8221; custom_padding_phone=&#8221;|0px||0px|false|false&#8221; custom_padding_last_edited=&#8221;off|desktop&#8221; hover_enabled=&#8221;0&#8243;]<\/p>\n<h1 class=\"title-activ\">A wide range of activities &#8211; one universe, the sea<\/h1>\n<p style=\"text-align: justify\">The Androm\u00e8de team is dedicated to the study, restoration and enhancement of marine ecosystems, with two specialties: phanerogam meadows and bio-constructed reefs (coralligenous reefs, coral reefs).<\/p>\n<p style=\"text-align: justify\">Our work and our references are built on three pillars:<\/p>\n<ul style=\"text-align: justify\">\n<li>Most advanced methodological approaches and technologies<\/li>\n<li>Intensive sea intervention programs carried out by experienced professionals<\/li>\n<li>Scientific partnerships with the academic and university world<\/li>\n<\/ul>\n<p style=\"text-align: justify\">We act with respect and care for our customers and partners, whatever the state of the ecosystem, from exploration to ecological compensation, to integrate each project into its natural and regulatory environment.<\/p>\n<p>[\/et_pb_text][\/et_pb_column][\/et_pb_row][\/et_pb_section][et_pb_section fb_built=&#8221;1&#8243; module_class=&#8221;section-list-activ&#8221; _builder_version=&#8221;3.29.3&#8243; custom_margin=&#8221;0px||||false|false&#8221; custom_padding=&#8221;0px||||false|false&#8221;][et_pb_row column_structure=&#8221;1_4,1_4,1_4,1_4&#8243; _builder_version=&#8221;3.29.3&#8243; width=&#8221;70%&#8221; custom_padding=&#8221;0px||0px||false|false&#8221;][et_pb_column type=&#8221;1_4&#8243; _builder_version=&#8221;3.29.3&#8243; custom_padding=&#8221;|10px||10px|false|false&#8221;][et_pb_image src=&#8221;https:\/\/www.andromede-ocean.com\/wp-content\/uploads\/2020\/04\/exploration.jpg&#8221; url=&#8221;https:\/\/www.andromede-ocean.com\/english\/exploration&#8221; admin_label=&#8221;Image&#8221; _builder_version=&#8221;4.4.2&#8243; custom_margin=&#8221;||15px||false|false&#8221; custom_padding=&#8221;||||false|false&#8221;][\/et_pb_image][et_pb_text admin_label=&#8221;Exploration&#8221; module_class=&#8221;cont-list-activ&#8221; _builder_version=&#8221;3.29.3&#8243; text_font_size=&#8221;20px&#8221; height=&#8221;45px&#8221; link_option_url=&#8221;https:\/\/www.andromede-ocean.com\/english\/exploration&#8221;]<\/p>\n<div class=\"green pipe\"><\/div>\n<div class=\"list-activ\">EXPLORATION<\/div>\n<p>[\/et_pb_text][\/et_pb_column][et_pb_column type=&#8221;1_4&#8243; _builder_version=&#8221;3.29.3&#8243; custom_padding=&#8221;|10px||10px|false|false&#8221;][et_pb_image src=&#8221;https:\/\/www.andromede-ocean.com\/wp-content\/uploads\/2020\/04\/cartograph-1.jpg&#8221; url=&#8221;https:\/\/www.andromede-ocean.com\/english\/cartography&#8221; _builder_version=&#8221;4.4.2&#8243; custom_margin=&#8221;||15px||false|false&#8221;][\/et_pb_image][et_pb_text admin_label=&#8221;cartographie&#8221; module_class=&#8221;cont-list-activ&#8221; _builder_version=&#8221;4.2.2&#8243; text_font_size=&#8221;20px&#8221; link_option_url=&#8221;https:\/\/www.andromede-ocean.com\/english\/cartography&#8221;]<\/p>\n<div class=\"green pipe\"><\/div>\n<div class=\"list-activ\">CARTOGRAPHY<\/div>\n<p>[\/et_pb_text][\/et_pb_column][et_pb_column type=&#8221;1_4&#8243; _builder_version=&#8221;3.29.3&#8243; custom_padding=&#8221;|10px||10px|false|false&#8221;][et_pb_image src=&#8221;https:\/\/www.andromede-ocean.com\/wp-content\/uploads\/2020\/04\/photogra.jpg&#8221; url=&#8221;https:\/\/www.andromede-ocean.com\/english\/photogrammetry&#8221; _builder_version=&#8221;4.4.2&#8243; custom_margin=&#8221;||15px||false|false&#8221;][\/et_pb_image][et_pb_text admin_label=&#8221;Photogrammetry&#8221; module_class=&#8221;cont-list-activ&#8221; _builder_version=&#8221;4.0.9&#8243; text_font_size=&#8221;20px&#8221; link_option_url=&#8221;https:\/\/www.andromede-ocean.com\/english\/photogrammetry&#8221;]<\/p>\n<div class=\"green pipe\"><\/div>\n<div class=\"list-activ\">PHOTOGRAMMETRY<\/div>\n<p>[\/et_pb_text][\/et_pb_column][et_pb_column type=&#8221;1_4&#8243; _builder_version=&#8221;3.29.3&#8243; custom_padding=&#8221;|10px||10px|false|false&#8221;][et_pb_image src=&#8221;https:\/\/www.andromede-ocean.com\/wp-content\/uploads\/2020\/04\/manip.jpg&#8221; url=&#8221;https:\/\/www.andromede-ocean.com\/english\/ecological-survey&#8221; _builder_version=&#8221;4.4.2&#8243; custom_margin=&#8221;||15px||false|false&#8221;][\/et_pb_image][et_pb_text admin_label=&#8221;ECOLOGICAL<br \/>\nSURVEY&#8221; module_class=&#8221;cont-list-activ&#8221; _builder_version=&#8221;3.29.3&#8243; text_font_size=&#8221;20px&#8221; height=&#8221;45px&#8221; link_option_url=&#8221;https:\/\/www.andromede-ocean.com\/english\/ecological-survey&#8221;]<\/p>\n<div class=\"blue pipe\"><\/div>\n<div class=\"list-activ\">ECOLOGICAL <br \/>SURVEY<\/div>\n<p>[\/et_pb_text][\/et_pb_column][\/et_pb_row][et_pb_row column_structure=&#8221;1_4,1_4,1_4,1_4&#8243; _builder_version=&#8221;3.29.3&#8243; width=&#8221;70%&#8221;][et_pb_column type=&#8221;1_4&#8243; _builder_version=&#8221;3.29.3&#8243; custom_padding=&#8221;|10px||10px|false|false&#8221;][et_pb_image src=&#8221;https:\/\/www.andromede-ocean.com\/wp-content\/uploads\/2020\/04\/pollution.jpg&#8221; url=&#8221;https:\/\/www.andromede-ocean.com\/english\/distrubance-monitoring&#8221; _builder_version=&#8221;4.4.2&#8243; custom_margin=&#8221;||15px||false|false&#8221;][\/et_pb_image][et_pb_text admin_label=&#8221;<br \/>\nDISTRUBANCE<br \/>\nMONITORING&#8221; module_class=&#8221;cont-list-activ&#8221; _builder_version=&#8221;3.29.3&#8243; text_font_size=&#8221;20px&#8221; height=&#8221;45px&#8221; link_option_url=&#8221;https:\/\/www.andromede-ocean.com\/english\/distrubance-monitoring&#8221;]<\/p>\n<div class=\"blue pipe\"><\/div>\n<div class=\"list-activ\">DISTRUBANCE <br \/>MONITORING<\/div>\n<p>[\/et_pb_text][\/et_pb_column][et_pb_column type=&#8221;1_4&#8243; _builder_version=&#8221;3.29.3&#8243; custom_padding=&#8221;|10px||10px|false|false&#8221;][et_pb_image src=&#8221;https:\/\/www.andromede-ocean.com\/wp-content\/uploads\/2020\/04\/compensa.jpg&#8221; url=&#8221;https:\/\/www.andromede-ocean.com\/english\/ecological-restoration&#8221; _builder_version=&#8221;4.4.2&#8243; custom_margin=&#8221;||15px||false|false&#8221;][\/et_pb_image][et_pb_text admin_label=&#8221;<br \/>\nECOLOGICAL<br \/>\nRESTAURATION&#8221; module_class=&#8221;cont-list-activ&#8221; _builder_version=&#8221;4.2.2&#8243; text_font_size=&#8221;20px&#8221; link_option_url=&#8221;https:\/\/www.andromede-ocean.com\/english\/ecological-restoration&#8221;]<\/p>\n<div class=\"orange pipe\"><\/div>\n<div class=\"list-activ\">ECOLOGICAL <br \/>RESTORATION<\/div>\n<p>[\/et_pb_text][\/et_pb_column][et_pb_column type=&#8221;1_4&#8243; _builder_version=&#8221;3.29.3&#8243; custom_padding=&#8221;|10px||10px|false|false&#8221;][et_pb_image src=&#8221;https:\/\/www.andromede-ocean.com\/wp-content\/uploads\/2020\/04\/compensation-ecologique.jpg&#8221; url=&#8221;https:\/\/www.andromede-ocean.com\/english\/ecological-compensation&#8221; _builder_version=&#8221;4.4.2&#8243; custom_margin=&#8221;||15px||false|false&#8221;][\/et_pb_image][et_pb_text admin_label=&#8221;ECOLOGICAL<br \/>\nCOMPENSATION&#8221; module_class=&#8221;cont-list-activ&#8221; _builder_version=&#8221;3.29.3&#8243; text_font_size=&#8221;20px&#8221; link_option_url=&#8221;https:\/\/www.andromede-ocean.com\/english\/ecological-compensation&#8221;]<\/p>\n<div class=\"orange pipe\"><\/div>\n<div class=\"list-activ\">ECOLOGICAL <br \/>COMPENSATION<\/div>\n<p>[\/et_pb_text][\/et_pb_column][et_pb_column type=&#8221;1_4&#8243; _builder_version=&#8221;3.29.3&#8243; custom_padding=&#8221;|10px||10px|false|false&#8221;][et_pb_image src=&#8221;https:\/\/www.andromede-ocean.com\/wp-content\/uploads\/2020\/04\/REPIC.jpg&#8221; url=&#8221;https:\/\/www.andromede-ocean.com\/english\/species-transplantation&#8221; _builder_version=&#8221;4.4.2&#8243; custom_margin=&#8221;||15px||false|false&#8221;][\/et_pb_image][et_pb_text admin_label=&#8221;SPECIES<br \/>\nTRANSPLANTATION&#8221; module_class=&#8221;cont-list-activ&#8221; _builder_version=&#8221;3.29.3&#8243; text_font_size=&#8221;20px&#8221; height=&#8221;45px&#8221; link_option_url=&#8221;https:\/\/www.andromede-ocean.com\/english\/species-transplantation&#8221;]<\/p>\n<div class=\"orange pipe\"><\/div>\n<div class=\"list-activ\">SPECIES<br \/>TRANSPLANTATION<\/div>\n<p>[\/et_pb_text][\/et_pb_column][\/et_pb_row][\/et_pb_section]<\/p>\n","protected":false},"excerpt":{"rendered":"<p>A wide range of activities &#8211; one universe, the sea The Androm\u00e8de team is dedicated to the study, restoration and enhancement of marine ecosystems, with two specialties: phanerogam meadows and bio-constructed reefs (coralligenous reefs, coral reefs). Our work and our references are built on three pillars: Most advanced methodological approaches and technologies Intensive sea intervention [&hellip;]<\/p>\n","protected":false},"author":1,"featured_media":0,"parent":0,"menu_order":0,"comment_status":"closed","ping_status":"closed","template":"","meta":{"_et_pb_use_builder":"on","_et_pb_old_content":"","_et_gb_content_width":"","footnotes":""},"class_list":["post-4180","page","type-page","status-publish","hentry"],"yoast_head":"<!-- This site is optimized with the Yoast SEO plugin v27.0 - https:\/\/yoast.com\/product\/yoast-seo-wordpress\/ -->\n<title>Activities - Androm\u00e8de Oc\u00e9anologie<\/title>\n<meta name=\"robots\" content=\"index, follow, max-snippet:-1, max-image-preview:large, max-video-preview:-1\" \/>\n<meta property=\"og:locale\" content=\"en_GB\" \/>\n<meta property=\"og:type\" content=\"article\" \/>\n<meta property=\"og:title\" content=\"Activities - Androm\u00e8de Oc\u00e9anologie\" \/>\n<meta property=\"og:description\" content=\"A wide range of activities - one universe, the sea The Androm\u00e8de team is dedicated to the study, restoration and enhancement of marine ecosystems, with two specialties: phanerogam meadows and bio-constructed reefs (coralligenous reefs, coral reefs). Our work and our references are built on three pillars: Most advanced methodological approaches and technologies Intensive sea intervention [&hellip;]\" \/>\n<meta property=\"og:url\" content=\"https:\/\/www.andromede-ocean.com\/english\/activities\/\" \/>\n<meta property=\"og:site_name\" content=\"Androm\u00e8de Oc\u00e9anologie\" \/>\n<meta property=\"article:modified_time\" content=\"2020-05-07T16:13:23+00:00\" \/>\n<meta name=\"twitter:card\" content=\"summary_large_image\" \/>\n<meta name=\"twitter:label1\" content=\"Estimated reading time\" \/>\n\t<meta name=\"twitter:data1\" content=\"5 minutes\" \/>\n<script type=\"application\/ld+json\" class=\"yoast-schema-graph\">{\"@context\":\"https:\/\/schema.org\",\"@graph\":[{\"@type\":\"WebPage\",\"@id\":\"https:\/\/www.andromede-ocean.com\/english\/activities\/\",\"url\":\"https:\/\/www.andromede-ocean.com\/english\/activities\/\",\"name\":\"Activities - Androm\u00e8de Oc\u00e9anologie\",\"isPartOf\":{\"@id\":\"https:\/\/www.andromede-ocean.com\/english\/#website\"},\"datePublished\":\"2019-10-04T08:07:49+00:00\",\"dateModified\":\"2020-05-07T16:13:23+00:00\",\"breadcrumb\":{\"@id\":\"https:\/\/www.andromede-ocean.com\/english\/activities\/#breadcrumb\"},\"inLanguage\":\"en-GB\",\"potentialAction\":[{\"@type\":\"ReadAction\",\"target\":[\"https:\/\/www.andromede-ocean.com\/english\/activities\/\"]}]},{\"@type\":\"BreadcrumbList\",\"@id\":\"https:\/\/www.andromede-ocean.com\/english\/activities\/#breadcrumb\",\"itemListElement\":[{\"@type\":\"ListItem\",\"position\":1,\"name\":\"Accueil\",\"item\":\"https:\/\/www.andromede-ocean.com\/english\/\"},{\"@type\":\"ListItem\",\"position\":2,\"name\":\"Activities\"}]},{\"@type\":\"WebSite\",\"@id\":\"https:\/\/www.andromede-ocean.com\/english\/#website\",\"url\":\"https:\/\/www.andromede-ocean.com\/english\/\",\"name\":\"Androm\u00e8de Oc\u00e9anologie\",\"description\":\"\",\"potentialAction\":[{\"@type\":\"SearchAction\",\"target\":{\"@type\":\"EntryPoint\",\"urlTemplate\":\"https:\/\/www.andromede-ocean.com\/english\/?s={search_term_string}\"},\"query-input\":{\"@type\":\"PropertyValueSpecification\",\"valueRequired\":true,\"valueName\":\"search_term_string\"}}],\"inLanguage\":\"en-GB\"}]}<\/script>\n<!-- \/ Yoast SEO plugin. -->","yoast_head_json":{"title":"Activities - Androm\u00e8de Oc\u00e9anologie","robots":{"index":"index","follow":"follow","max-snippet":"max-snippet:-1","max-image-preview":"max-image-preview:large","max-video-preview":"max-video-preview:-1"},"og_locale":"en_GB","og_type":"article","og_title":"Activities - Androm\u00e8de Oc\u00e9anologie","og_description":"A wide range of activities - one universe, the sea The Androm\u00e8de team is dedicated to the study, restoration and enhancement of marine ecosystems, with two specialties: phanerogam meadows and bio-constructed reefs (coralligenous reefs, coral reefs). Our work and our references are built on three pillars: Most advanced methodological approaches and technologies Intensive sea intervention [&hellip;]","og_url":"https:\/\/www.andromede-ocean.com\/english\/activities\/","og_site_name":"Androm\u00e8de Oc\u00e9anologie","article_modified_time":"2020-05-07T16:13:23+00:00","twitter_card":"summary_large_image","twitter_misc":{"Estimated reading time":"5 minutes"},"schema":{"@context":"https:\/\/schema.org","@graph":[{"@type":"WebPage","@id":"https:\/\/www.andromede-ocean.com\/english\/activities\/","url":"https:\/\/www.andromede-ocean.com\/english\/activities\/","name":"Activities - Androm\u00e8de Oc\u00e9anologie","isPartOf":{"@id":"https:\/\/www.andromede-ocean.com\/english\/#website"},"datePublished":"2019-10-04T08:07:49+00:00","dateModified":"2020-05-07T16:13:23+00:00","breadcrumb":{"@id":"https:\/\/www.andromede-ocean.com\/english\/activities\/#breadcrumb"},"inLanguage":"en-GB","potentialAction":[{"@type":"ReadAction","target":["https:\/\/www.andromede-ocean.com\/english\/activities\/"]}]},{"@type":"BreadcrumbList","@id":"https:\/\/www.andromede-ocean.com\/english\/activities\/#breadcrumb","itemListElement":[{"@type":"ListItem","position":1,"name":"Accueil","item":"https:\/\/www.andromede-ocean.com\/english\/"},{"@type":"ListItem","position":2,"name":"Activities"}]},{"@type":"WebSite","@id":"https:\/\/www.andromede-ocean.com\/english\/#website","url":"https:\/\/www.andromede-ocean.com\/english\/","name":"Androm\u00e8de Oc\u00e9anologie","description":"","potentialAction":[{"@type":"SearchAction","target":{"@type":"EntryPoint","urlTemplate":"https:\/\/www.andromede-ocean.com\/english\/?s={search_term_string}"},"query-input":{"@type":"PropertyValueSpecification","valueRequired":true,"valueName":"search_term_string"}}],"inLanguage":"en-GB"}]}},"_links":{"self":[{"href":"https:\/\/www.andromede-ocean.com\/english\/wp-json\/wp\/v2\/pages\/4180","targetHints":{"allow":["GET"]}}],"collection":[{"href":"https:\/\/www.andromede-ocean.com\/english\/wp-json\/wp\/v2\/pages"}],"about":[{"href":"https:\/\/www.andromede-ocean.com\/english\/wp-json\/wp\/v2\/types\/page"}],"author":[{"embeddable":true,"href":"https:\/\/www.andromede-ocean.com\/english\/wp-json\/wp\/v2\/users\/1"}],"replies":[{"embeddable":true,"href":"https:\/\/www.andromede-ocean.com\/english\/wp-json\/wp\/v2\/comments?post=4180"}],"version-history":[{"count":87,"href":"https:\/\/www.andromede-ocean.com\/english\/wp-json\/wp\/v2\/pages\/4180\/revisions"}],"predecessor-version":[{"id":4923,"href":"https:\/\/www.andromede-ocean.com\/english\/wp-json\/wp\/v2\/pages\/4180\/revisions\/4923"}],"wp:attachment":[{"href":"https:\/\/www.andromede-ocean.com\/english\/wp-json\/wp\/v2\/media?parent=4180"}],"curies":[{"name":"wp","href":"https:\/\/api.w.org\/{rel}","templated":true}]}}