{"version":"1.0","provider_name":"Androm\u00e8de Oc\u00e9anologie","provider_url":"https:\/\/www.andromede-ocean.com\/english","author_name":"julie Deter","author_url":"https:\/\/www.andromede-ocean.com\/english\/blog\/author\/julie-deter\/","title":"Exposition &quot;Plan\u00e8te MERS&quot; \u00e0 Calvi - Androm\u00e8de Oc\u00e9anologie","type":"rich","width":600,"height":338,"html":"<blockquote class=\"wp-embedded-content\" data-secret=\"ltUg8VPvwr\"><a href=\"https:\/\/www.andromede-ocean.com\/english\/blog\/2013\/05\/30\/exposition-planete-mers-a-calvi\/\">Exposition &quot;Plan\u00e8te MERS&quot; \u00e0 Calvi<\/a><\/blockquote><iframe sandbox=\"allow-scripts\" security=\"restricted\" src=\"https:\/\/www.andromede-ocean.com\/english\/blog\/2013\/05\/30\/exposition-planete-mers-a-calvi\/embed\/#?secret=ltUg8VPvwr\" width=\"600\" height=\"338\" title=\"&#8220;Exposition &quot;Plan\u00e8te MERS&quot; \u00e0 Calvi&#8221; &#8212; Androm\u00e8de Oc\u00e9anologie\" data-secret=\"ltUg8VPvwr\" frameborder=\"0\" marginwidth=\"0\" marginheight=\"0\" scrolling=\"no\" class=\"wp-embedded-content\"><\/iframe><script type=\"text\/javascript\">\n\/* <![CDATA[ *\/\n\/*! This file is auto-generated *\/\n!function(d,l){\"use strict\";l.querySelector&&d.addEventListener&&\"undefined\"!=typeof URL&&(d.wp=d.wp||{},d.wp.receiveEmbedMessage||(d.wp.receiveEmbedMessage=function(e){var t=e.data;if((t||t.secret||t.message||t.value)&&!\/[^a-zA-Z0-9]\/.test(t.secret)){for(var s,r,n,a=l.querySelectorAll('iframe[data-secret=\"'+t.secret+'\"]'),o=l.querySelectorAll('blockquote[data-secret=\"'+t.secret+'\"]'),c=new RegExp(\"^https?:$\",\"i\"),i=0;i<o.length;i++)o[i].style.display=\"none\";for(i=0;i<a.length;i++)s=a[i],e.source===s.contentWindow&&(s.removeAttribute(\"style\"),\"height\"===t.message?(1e3<(r=parseInt(t.value,10))?r=1e3:~~r<200&&(r=200),s.height=r):\"link\"===t.message&&(r=new URL(s.getAttribute(\"src\")),n=new URL(t.value),c.test(n.protocol))&&n.host===r.host&&l.activeElement===s&&(d.top.location.href=t.value))}},d.addEventListener(\"message\",d.wp.receiveEmbedMessage,!1),l.addEventListener(\"DOMContentLoaded\",function(){for(var e,t,s=l.querySelectorAll(\"iframe.wp-embedded-content\"),r=0;r<s.length;r++)(t=(e=s[r]).getAttribute(\"data-secret\"))||(t=Math.random().toString(36).substring(2,12),e.src+=\"#?secret=\"+t,e.setAttribute(\"data-secret\",t)),e.contentWindow.postMessage({message:\"ready\",secret:t},\"*\")},!1)))}(window,document);\n\/\/# sourceURL=https:\/\/www.andromede-ocean.com\/english\/wp-includes\/js\/wp-embed.min.js\n\/* ]]> *\/\n<\/script>\n","description":"L\u2019exposition \u00ab Plan\u00e8te MERS \u00bb (Photographies de Laurent Ballesta, Textes de Pierre Descamp) sera pr\u00e9sent\u00e9e du 1er Juin au 15 septembre 2013 sur le port de Calvi (Acc\u00e8s libre et gratuit tout l&#8217;\u00e9t\u00e9) Rendez vous pour le vernissage samedi 1er juin \u00e0 18h45 \u00e0 la capitainerie. A l&#8217;issue de la visite guid\u00e9e par Laurent Ballesta, [&hellip;]","thumbnail_url":"http:\/\/www.andromede-ocean.com\/english\/wp-content\/uploads\/sites\/2\/planete-mers-300x225.jpg"}

Andromède Océanologie

Exposition &quot;Planète MERS&quot; à Calvi - Andromède Océanologie

<blockquote class="wp-embedded-content" data-secret="ltUg8VPvwr"><a href="https://www.andromede-ocean.com/english/blog/2013/05/30/exposition-planete-mers-a-calvi/">Exposition &quot;Planète MERS&quot; à Calvi</a></blockquote><iframe sandbox="allow-scripts" security="restricted" src="https://www.andromede-ocean.com/english/blog/2013/05/30/exposition-planete-mers-a-calvi/embed/#?secret=ltUg8VPvwr" width="600" height="338" title="&#8220;Exposition &quot;Planète MERS&quot; à Calvi&#8221; &#8212; Andromède Océanologie" data-secret="ltUg8VPvwr" frameborder="0" marginwidth="0" marginheight="0" scrolling="no" class="wp-embedded-content"></iframe><script type="text/javascript">
/* <![CDATA[ */
/*! This file is auto-generated */
!function(d,l){"use strict";l.querySelector&&d.addEventListener&&"undefined"!=typeof URL&&(d.wp=d.wp||{},d.wp.receiveEmbedMessage||(d.wp.receiveEmbedMessage=function(e){var t=e.data;if((t||t.secret||t.message||t.value)&&!/[^a-zA-Z0-9]/.test(t.secret)){for(var s,r,n,a=l.querySelectorAll('iframe[data-secret="'+t.secret+'"]'),o=l.querySelectorAll('blockquote[data-secret="'+t.secret+'"]'),c=new RegExp("^https?:$","i"),i=0;i<o.length;i++)o[i].style.display="none";for(i=0;i<a.length;i++)s=a[i],e.source===s.contentWindow&&(s.removeAttribute("style"),"height"===t.message?(1e3<(r=parseInt(t.value,10))?r=1e3:~~r<200&&(r=200),s.height=r):"link"===t.message&&(r=new URL(s.getAttribute("src")),n=new URL(t.value),c.test(n.protocol))&&n.host===r.host&&l.activeElement===s&&(d.top.location.href=t.value))}},d.addEventListener("message",d.wp.receiveEmbedMessage,!1),l.addEventListener("DOMContentLoaded",function(){for(var e,t,s=l.querySelectorAll("iframe.wp-embedded-content"),r=0;r<s.length;r++)(t=(e=s[r]).getAttribute("data-secret"))||(t=Math.random().toString(36).substring(2,12),e.src+="#?secret="+t,e.setAttribute("data-secret",t)),e.contentWindow.postMessage({message:"ready",secret:t},"*")},!1)))}(window,document);
//# sourceURL=https://www.andromede-ocean.com/english/wp-includes/js/wp-embed.min.js
/* ]]> */
</script>

L’exposition « Planète MERS » (Photographies de Laurent Ballesta, Textes de Pierre Descamp) sera présentée du 1er Juin au 15 septembre 2013 sur le port de Calvi (Accès libre et gratuit tout l&#8217;été) Rendez vous pour le vernissage samedi 1er juin à 18h45 à la capitainerie. A l&#8217;issue de la visite guidée par Laurent Ballesta, [&hellip;]
